{"id":12132,"date":"2019-02-08T11:23:40","date_gmt":"2019-02-08T10:23:40","guid":{"rendered":"http:\/\/www.rhizom.de\/wandern\/?page_id=12132"},"modified":"2019-02-08T13:03:18","modified_gmt":"2019-02-08T12:03:18","slug":"erdgaspipeline","status":"publish","type":"page","link":"http:\/\/www.rhizom.de\/wandern\/erdgaspipeline\/","title":{"rendered":"Erdgaspipeline Januar 2019"},"content":{"rendered":"<p><strong>Es tr\u00e4umt sich oft besser auf dem Sofa als in der Natur! <\/strong><\/p>\n<figure id=\"attachment_12137\" aria-describedby=\"caption-attachment-12137\" style=\"width: 290px\" class=\"wp-caption alignleft\"><img loading=\"lazy\" class=\"size-full wp-image-12137\" src=\"http:\/\/www.rhizom.de\/wandern\/wp-content\/uploads\/2019\/02\/trassenbau.jpg\" alt=\"Trassenbau bei Wei\u00dfack, Niederlausitz, Oktober 2018\" width=\"300\" height=\"225\" \/><figcaption id=\"caption-attachment-12137\" class=\"wp-caption-text\"><a href=\"http:\/\/www.rhizom.de\/wandern\/2018\/10\/16\/niederlausitz-weissack\/\" target=\"_blank\" rel=\"noopener\">Trassenbau bei Wei\u00dfack, Niederlausitz, Oktober 2018<\/a><\/figcaption><\/figure>\n<p>Nur nicht Radio h\u00f6ren. Topaktuell gerate ich in die Diskussion um die Gaspipeline Nord Stream 2 &#8211; ganz egal, ob sie das schon ist, was ich nicht erst auf dieser Wanderung sehe. Der <a href=\"https:\/\/www.eugal.de\/mediathek\/infomaterial\/\" target=\"_blank\" rel=\"noopener\">\u2192 Trassenverlauf<\/a>, den ich auf den \u00f6ffentlichen Papieren finde, ist nicht sehr transparent.<\/p>\n<p>Jedenfalls sollen j\u00e4hrlich noch mehr Milliarden Kubikmeter <strong>Erdgas aus Russland an der Ukraine und Polen vorbei<\/strong> nach Deutschland transportiert werden.<br \/>\nWas ist wirtschaftlich bzw. politisch besser: Gas aus Russland oder Fl\u00fcssiggas aus Katar oder den USA? \u00d6kologisch gibt es bei allen positiven Klima-Effekten eine eindeutige Antwort: Gas ist ein hochproblematischer Rohstoff auf Grund von Fracking und Abfackeln von Methan auf den F\u00f6rderfeldern.<\/p>\n<p>Kommt aber nicht darauf an, was ich dazu denke.<\/p>\n<p>Ein Schritt zu echter Energieunabh\u00e4ngigkeit w\u00e4re das tats\u00e4chliche Reduzieren der Importe.<\/p>\n","protected":false},"excerpt":{"rendered":"<p>Es tr\u00e4umt sich oft besser auf dem Sofa als in der Natur! Nur nicht Radio h\u00f6ren. Topaktuell gerate ich in die Diskussion um die Gaspipeline Nord Stream 2 &#8211; ganz egal, ob sie das schon ist, was ich nicht erst auf dieser Wanderung sehe. Der \u2192 Trassenverlauf, den ich auf den \u00f6ffentlichen Papieren finde, ist &#8230; <a title=\"Erdgaspipeline Januar 2019\" class=\"read-more\" href=\"http:\/\/www.rhizom.de\/wandern\/erdgaspipeline\/\">Read more<\/a><\/p>\n","protected":false},"author":1,"featured_media":0,"parent":0,"menu_order":0,"comment_status":"closed","ping_status":"closed","template":"","meta":{"generate_page_header":""},"tags":[],"_links":{"self":[{"href":"http:\/\/www.rhizom.de\/wandern\/wp-json\/wp\/v2\/pages\/12132"}],"collection":[{"href":"http:\/\/www.rhizom.de\/wandern\/wp-json\/wp\/v2\/pages"}],"about":[{"href":"http:\/\/www.rhizom.de\/wandern\/wp-json\/wp\/v2\/types\/page"}],"author":[{"embeddable":true,"href":"http:\/\/www.rhizom.de\/wandern\/wp-json\/wp\/v2\/users\/1"}],"replies":[{"embeddable":true,"href":"http:\/\/www.rhizom.de\/wandern\/wp-json\/wp\/v2\/comments?post=12132"}],"version-history":[{"count":14,"href":"http:\/\/www.rhizom.de\/wandern\/wp-json\/wp\/v2\/pages\/12132\/revisions"}],"predecessor-version":[{"id":12150,"href":"http:\/\/www.rhizom.de\/wandern\/wp-json\/wp\/v2\/pages\/12132\/revisions\/12150"}],"wp:attachment":[{"href":"http:\/\/www.rhizom.de\/wandern\/wp-json\/wp\/v2\/media?parent=12132"}],"wp:term":[{"taxonomy":"post_tag","embeddable":true,"href":"http:\/\/www.rhizom.de\/wandern\/wp-json\/wp\/v2\/tags?post=12132"}],"curies":[{"name":"wp","href":"https:\/\/api.w.org\/{rel}","templated":true}]}}

<p><strong>Es träumt sich oft besser auf dem Sofa als in der Natur! </strong></p>
<figure id="attachment_12137" aria-describedby="caption-attachment-12137" style="width: 290px" class="wp-caption alignleft"><img loading="lazy" class="size-full wp-image-12137" src="http://www.rhizom.de/wandern/wp-content/uploads/2019/02/trassenbau.jpg" alt="Trassenbau bei Weißack, Niederlausitz, Oktober 2018" width="300" height="225" /><figcaption id="caption-attachment-12137" class="wp-caption-text"><a href="http://www.rhizom.de/wandern/2018/10/16/niederlausitz-weissack/" target="_blank" rel="noopener">Trassenbau bei Weißack, Niederlausitz, Oktober 2018</a></figcaption></figure>
<p>Nur nicht Radio hören. Topaktuell gerate ich in die Diskussion um die Gaspipeline Nord Stream 2 &#8211; ganz egal, ob sie das schon ist, was ich nicht erst auf dieser Wanderung sehe. Der <a href="https://www.eugal.de/mediathek/infomaterial/" target="_blank" rel="noopener">→ Trassenverlauf</a>, den ich auf den öffentlichen Papieren finde, ist nicht sehr transparent.</p>
<p>Jedenfalls sollen jährlich noch mehr Milliarden Kubikmeter <strong>Erdgas aus Russland an der Ukraine und Polen vorbei</strong> nach Deutschland transportiert werden.<br />
Was ist wirtschaftlich bzw. politisch besser: Gas aus Russland oder Flüssiggas aus Katar oder den USA? Ökologisch gibt es bei allen positiven Klima-Effekten eine eindeutige Antwort: Gas ist ein hochproblematischer Rohstoff auf Grund von Fracking und Abfackeln von Methan auf den Förderfeldern.</p>
<p>Kommt aber nicht darauf an, was ich dazu denke.</p>
<p>Ein Schritt zu echter Energieunabhängigkeit wäre das tatsächliche Reduzieren der Importe.</p>

<p>Es träumt sich oft besser auf dem Sofa als in der Natur! Nur nicht Radio hören. Topaktuell gerate ich in die Diskussion um die Gaspipeline Nord Stream 2 &#8211; ganz egal, ob sie das schon ist, was ich nicht erst auf dieser Wanderung sehe. Der → Trassenverlauf, den ich auf den öffentlichen Papieren finde, ist &#8230; <a title="Erdgaspipeline Januar 2019" class="read-more" href="http://www.rhizom.de/wandern/erdgaspipeline/">Read more</a></p>
