{"id":12483,"date":"2019-03-07T08:09:43","date_gmt":"2019-03-07T07:09:43","guid":{"rendered":"http:\/\/www.rhizom.de\/wandern\/?page_id=12483"},"modified":"2019-03-13T09:32:02","modified_gmt":"2019-03-13T08:32:02","slug":"steine","status":"publish","type":"page","link":"http:\/\/www.rhizom.de\/wandern\/steine\/","title":{"rendered":"Steine"},"content":{"rendered":"<p>&#8230;der Krieg, der Krieg bringt so vieles durcheinander&#8230;<br \/>\nBerlin Ecke Alte Jakobstra\u00dfe &#8211; Franz-K\u00fcnstler-Stra\u00dfe. Noch 2000 lagen Grabmalst\u00fccke als Stra\u00dfenpflaster, wahrscheinlich von den Friedh\u00f6fen vor dem Halleschen Tor, wo um 1950 die Verlegung der Bl\u00fccherstra\u00dfe zur Einebnung vieler Gr\u00e4ber f\u00fchrte.<\/p>\n<p>Woher ich es wei\u00df? Irgendwann bin ich dorthin gezogen. Es gab noch Pferde auf der Wiese zu sehen und diese Steine. Jahre lang sind die Menschen \u00fcber die schwarze Ecke mit der deutlich wei\u00dfen Inschrift &#8220;Gott&#8221; gelaufen. Irgendwann spazierte ich mit einer Sechsj\u00e4hrigen dort entlang und sie fragte: &#8220;Ist hier Gott begraben?&#8221;<\/p>\n<p>In gewisser Weise schon.<\/p>\n","protected":false},"excerpt":{"rendered":"<p>&#8230;der Krieg, der Krieg bringt so vieles durcheinander&#8230; Berlin Ecke Alte Jakobstra\u00dfe &#8211; Franz-K\u00fcnstler-Stra\u00dfe. Noch 2000 lagen Grabmalst\u00fccke als Stra\u00dfenpflaster, wahrscheinlich von den Friedh\u00f6fen vor dem Halleschen Tor, wo um 1950 die Verlegung der Bl\u00fccherstra\u00dfe zur Einebnung vieler Gr\u00e4ber f\u00fchrte. Woher ich es wei\u00df? Irgendwann bin ich dorthin gezogen. Es gab noch Pferde auf der &#8230; <a title=\"Steine\" class=\"read-more\" href=\"http:\/\/www.rhizom.de\/wandern\/steine\/\">Read more<\/a><\/p>\n","protected":false},"author":1,"featured_media":0,"parent":0,"menu_order":0,"comment_status":"closed","ping_status":"closed","template":"","meta":{"generate_page_header":""},"tags":[],"_links":{"self":[{"href":"http:\/\/www.rhizom.de\/wandern\/wp-json\/wp\/v2\/pages\/12483"}],"collection":[{"href":"http:\/\/www.rhizom.de\/wandern\/wp-json\/wp\/v2\/pages"}],"about":[{"href":"http:\/\/www.rhizom.de\/wandern\/wp-json\/wp\/v2\/types\/page"}],"author":[{"embeddable":true,"href":"http:\/\/www.rhizom.de\/wandern\/wp-json\/wp\/v2\/users\/1"}],"replies":[{"embeddable":true,"href":"http:\/\/www.rhizom.de\/wandern\/wp-json\/wp\/v2\/comments?post=12483"}],"version-history":[{"count":7,"href":"http:\/\/www.rhizom.de\/wandern\/wp-json\/wp\/v2\/pages\/12483\/revisions"}],"predecessor-version":[{"id":12594,"href":"http:\/\/www.rhizom.de\/wandern\/wp-json\/wp\/v2\/pages\/12483\/revisions\/12594"}],"wp:attachment":[{"href":"http:\/\/www.rhizom.de\/wandern\/wp-json\/wp\/v2\/media?parent=12483"}],"wp:term":[{"taxonomy":"post_tag","embeddable":true,"href":"http:\/\/www.rhizom.de\/wandern\/wp-json\/wp\/v2\/tags?post=12483"}],"curies":[{"name":"wp","href":"https:\/\/api.w.org\/{rel}","templated":true}]}}