{"id":16946,"date":"2020-04-18T14:51:00","date_gmt":"2020-04-18T12:51:00","guid":{"rendered":"http:\/\/www.rhizom.de\/wandern\/?page_id=16946"},"modified":"2020-04-25T08:41:04","modified_gmt":"2020-04-25T06:41:04","slug":"bring-corona-nicht-zur-oma","status":"publish","type":"page","link":"http:\/\/www.rhizom.de\/wandern\/bring-corona-nicht-zur-oma\/","title":{"rendered":"Bring Corona nicht zur Oma"},"content":{"rendered":"<p>Verbreitetes Text-Plakat. Im Endeffekt: stirb anders. Zeitpunkt sowieso immer unpassend.<br \/>\nCorona-Pandemie, Ausgangsbeschr\u00e4nkungen.<\/p>\n<p><strong>Aus dem Wochenkalender 6.-13. April<br \/>\nAlles vom Men\u00fcpunkt &#8220;Aktuell&#8221;. Wahlweise unter Kategorie &#8220;Locus terribilis&#8221; oder &#8220;Einiges R\u00fcstzeug&#8221; abzuspeichern. Ich entscheide f\u00fcr Seitenanhang &#8220;Corona&#8221; ohne Ende.<\/strong><\/p>\n<h2>6. April<\/h2>\n<p>\u2022 Gute Kinderliteratur neu: Erich K\u00e4stner, P\u00fcnktchen und Anton. Jetzt auch f\u00fcr j\u00fcngste Leser verst\u00e4ndlich. Ohne Kommentierung! Einfach variieren: &#8220;Kauft Masken, liebe Leute kauft Masken&#8221;.<\/p>\n<p><img loading=\"lazy\" class=\"aligncenter size-full wp-image-16799\" src=\"http:\/\/www.rhizom.de\/wandern\/wp-content\/uploads\/2017\/08\/20200407-icke-2.jpg\" alt=\"Corona-Maske\" width=\"768\" height=\"444\" srcset=\"http:\/\/www.rhizom.de\/wandern\/wp-content\/uploads\/2017\/08\/20200407-icke-2.jpg 768w, http:\/\/www.rhizom.de\/wandern\/wp-content\/uploads\/2017\/08\/20200407-icke-2-300x173.jpg 300w\" sizes=\"(max-width: 768px) 100vw, 768px\" \/><\/p>\n<p>\u2022 NY, Zoo: Tiger (Katze) mit Corona infiziert! Arbeitsbeschaffungsma\u00dfnahme &#8220;Masken n\u00e4hen&#8221; sofort ausweiten. Schnelle Reaktion verspricht NOCH Alleinstellungsmerkmal.<\/p>\n<p>\u2022 Ostern, eventuell \u00dcberf\u00fcllung der Gr\u00fcnanlagen. Empfehlung der Berliner Polizei: &#8220;Bitte f\u00fcr Spazierg\u00e4nge eher die Innenstadt nutzen.&#8221; Oh. Ich BIN geografischer Mittelpunkt der Stadt. WOHIN jetzt???<\/p>\n<p>\u2022 11h. Regierung diskutiert bereits wieder Maskenpflicht. Inzwischen n\u00e4hen Kurzarbeitende, alleinerziehende M\u00fctter, Fl\u00fcchtlingsheime. Deutschland n\u00e4ht. Zum Gl\u00fcck: Autobahnen nutzten dem Krieg. Wird schwierig mit Baumwolltuch.<\/p>\n<p><img loading=\"lazy\" class=\"aligncenter size-full wp-image-16800\" src=\"http:\/\/www.rhizom.de\/wandern\/wp-content\/uploads\/2017\/08\/20200407-icke-3a.jpg\" alt=\"Corona-Maske\" width=\"768\" height=\"444\" srcset=\"http:\/\/www.rhizom.de\/wandern\/wp-content\/uploads\/2017\/08\/20200407-icke-3a.jpg 768w, http:\/\/www.rhizom.de\/wandern\/wp-content\/uploads\/2017\/08\/20200407-icke-3a-300x173.jpg 300w\" sizes=\"(max-width: 768px) 100vw, 768px\" \/><\/p>\n<p>\u2022 Ach so &#8211; Autobahnen = Infrastruktur: Stra\u00dfen- und Bahnbr\u00fccken brechen zusammen. Verkehrsdichte + Gewichte. Verkehrsdichte bleibt hoffentlich weiter ausgebremst. Und Fahrzeuggewichte, da bin ich mal zuversichtlich. Im Sommer kehrt Defender 2020 zur\u00fcck. Falls etwas zusammenbricht, muss die NATO zahlen &#8211; soweit ich wei\u00df. Gute Umverteilung des wachsenden Milit\u00e4rhaushaltes. Wer wei\u00df, ob da nicht echt geplant wurde, schlie\u00dflich geh\u00f6ren Max und Moritz zur deutschen Leitkultur.<\/p>\n<p style=\"text-align: right;\">&#8220;&#8230;eure alte Mutter, die gar nicht verstehen kann, was da vorgeht&#8221;<br \/>\n(tr\u00f6stlicher Radio-O-Ton)<\/p>\n<h2>7. April. Der Ball rollt wieder<\/h2>\n<p>\u2022 Deutschland ein Pandemie-M\u00e4rchen. Mama divers systemrelevant und Papa be-geistert.<\/p>\n<p><img loading=\"lazy\" class=\"aligncenter size-full wp-image-16798\" src=\"http:\/\/www.rhizom.de\/wandern\/wp-content\/uploads\/2017\/08\/20200407-icke-1.jpg\" alt=\"Corona-Maske\" width=\"768\" height=\"444\" srcset=\"http:\/\/www.rhizom.de\/wandern\/wp-content\/uploads\/2017\/08\/20200407-icke-1.jpg 768w, http:\/\/www.rhizom.de\/wandern\/wp-content\/uploads\/2017\/08\/20200407-icke-1-300x173.jpg 300w\" sizes=\"(max-width: 768px) 100vw, 768px\" \/><\/p>\n<p>\u2022 Medien. Ungarn und NY. Wie De, aber ganz, ganz b\u00f6se. Gestern BILD, Pressekonferenz. Erkennt mein Browser nicht, daf\u00fcr im langsam geschalteten Chat dem Volk aufs Maul geschaut. &#8220;Geht das wieder weg oder bleibt das f\u00fcr immer&#8221;. Dumme Frage. Bleibt endlich gemundtucht.<\/p>\n<p>\u2022 Seltenes Himmelsspektakel heute schon gesehen, auch am 8.4.: Super-Vollmond. Sehr nah, besonders gro\u00df, gelborange superhell. Mein menschliches Auge sah keine KCorona, sondern scharf!<\/p>\n<p><img loading=\"lazy\" class=\"aligncenter size-full wp-image-16809\" src=\"http:\/\/www.rhizom.de\/wandern\/wp-content\/uploads\/2017\/08\/20200408-6Uhr-BerlinMitte.jpg\" alt=\"8.April 2020, 6 Uhr, Berlin, geografischer Mittelpunkt\" width=\"768\" height=\"444\" srcset=\"http:\/\/www.rhizom.de\/wandern\/wp-content\/uploads\/2017\/08\/20200408-6Uhr-BerlinMitte.jpg 768w, http:\/\/www.rhizom.de\/wandern\/wp-content\/uploads\/2017\/08\/20200408-6Uhr-BerlinMitte-300x173.jpg 300w\" sizes=\"(max-width: 768px) 100vw, 768px\" \/><\/p>\n<p>&nbsp;<\/p>\n<h2>8. April. Fazit schon heute<\/h2>\n<p>Gl\u00fcckliche Stressminimierung f\u00fcr gesch\u00e4tzte 70% Malochende (allgemeine Zustimmung) und Sch\u00fcler (jenseits der Schul-Abschlie\u00dfenden). Boah&#8230; Einmalzahlungen f\u00fcr systemrelevante Berufe im Niedriglohnsektor. Oder 3x: Hah. Die Alten (nicht mehr der political-correctness-Singsang &#8220;Senior*innen&#8221;) gehen zugrunde. An was, das sagt dann die Statistik. F\u00fcr andere Risikogruppen w\u00fcrden vielleicht die Beatmungsger\u00e4te reichen? Und wenn nicht &#8211; politisch Verantwortliche, weiter so.<\/p>\n<p style=\"text-align: right;\">&#8230;eure alte Mutter, die gar nicht verstehen kann, was da vorgeht<br \/>\n8.4.2020<\/p>\n<p><strong>Heut is schon wieder (nich) geloofen. Nichtmal 1 Stunde Luft schaff ich bei diesem Corona-Influencer-Marketing. Balkont\u00fcr zu: frische Hundekacke duftet. Kurzer Gang mit dem <\/strong><strong> Tage lang, artig gebunkerten M\u00fcll: prompt kullert \u201eder Regierende B\u00fcrgermeister an S\u00c4MTLICHE Berliner Haushalte\u201c aus dem Kasten. 3,769 Millionen Einwohner: \u201egemeinsam k\u00e4mpfen\u201c. Letztes Aufgebot.<br \/>\n<\/strong><\/p>\n<p style=\"text-align: right;\">&#8230;eure alte Mutter, die jetzt den Stecker zieht und den Schl\u00fcsselbund verliert<br \/>\n15:30 h, immer noch 8.4.2020<\/p>\n<figure id=\"attachment_16991\" aria-describedby=\"caption-attachment-16991\" style=\"width: 758px\" class=\"wp-caption aligncenter\"><img loading=\"lazy\" class=\"size-full wp-image-16991\" src=\"http:\/\/www.rhizom.de\/wandern\/wp-content\/uploads\/2017\/08\/icke-20200420.jpg\" alt=\"Outdoor-Mode 2020 f\u00fcr Bus, Bahn und Supermarkt\" width=\"768\" height=\"444\" srcset=\"http:\/\/www.rhizom.de\/wandern\/wp-content\/uploads\/2017\/08\/icke-20200420.jpg 768w, http:\/\/www.rhizom.de\/wandern\/wp-content\/uploads\/2017\/08\/icke-20200420-300x173.jpg 300w\" sizes=\"(max-width: 768px) 100vw, 768px\" \/><figcaption id=\"caption-attachment-16991\" class=\"wp-caption-text\">Outdoor-Mode 2020 f\u00fcr Bus, Bahn, Supermarkt und Extremwetter. <strong>Achtung!<\/strong> F\u00fcr Demos gilt Verh\u00fcllungsverbot!!!<\/figcaption><\/figure>\n<p style=\"text-align: right;\"><strong><em><br \/>\nEndlosschleife Pan-demie in Berlin, bitte wieder s.o.<\/em> \u2191<\/strong><br \/>\noder \u2192 <a href=\"http:\/\/www.rhizom.de\/wandern\/2020\/01\/04\/januar-februar-2020\/\">zum tabellarischen Inhalt 1. Quartal 2020<\/a><br \/>\n\u2192 <a href=\"http:\/\/www.rhizom.de\/wandern\/2020\/04\/03\/april-mai-juni-2020\/\">zum tabellarischen Inhalt 2. Quartal 2020<\/a><\/p>\n","protected":false},"excerpt":{"rendered":"<p>Verbreitetes Text-Plakat. Im Endeffekt: stirb anders. Zeitpunkt sowieso immer unpassend. Corona-Pandemie, Ausgangsbeschr\u00e4nkungen. Aus dem Wochenkalender 6.-13. April Alles vom Men\u00fcpunkt &#8220;Aktuell&#8221;. Wahlweise unter Kategorie &#8220;Locus terribilis&#8221; oder &#8220;Einiges R\u00fcstzeug&#8221; abzuspeichern. Ich entscheide f\u00fcr Seitenanhang &#8220;Corona&#8221; ohne Ende. 6. April \u2022 Gute Kinderliteratur neu: Erich K\u00e4stner, P\u00fcnktchen und Anton. Jetzt auch f\u00fcr j\u00fcngste Leser verst\u00e4ndlich. Ohne &#8230; <a title=\"Bring Corona nicht zur Oma\" class=\"read-more\" href=\"http:\/\/www.rhizom.de\/wandern\/bring-corona-nicht-zur-oma\/\">Read more<\/a><\/p>\n","protected":false},"author":1,"featured_media":0,"parent":0,"menu_order":0,"comment_status":"open","ping_status":"closed","template":"","meta":{"generate_page_header":""},"tags":[],"_links":{"self":[{"href":"http:\/\/www.rhizom.de\/wandern\/wp-json\/wp\/v2\/pages\/16946"}],"collection":[{"href":"http:\/\/www.rhizom.de\/wandern\/wp-json\/wp\/v2\/pages"}],"about":[{"href":"http:\/\/www.rhizom.de\/wandern\/wp-json\/wp\/v2\/types\/page"}],"author":[{"embeddable":true,"href":"http:\/\/www.rhizom.de\/wandern\/wp-json\/wp\/v2\/users\/1"}],"replies":[{"embeddable":true,"href":"http:\/\/www.rhizom.de\/wandern\/wp-json\/wp\/v2\/comments?post=16946"}],"version-history":[{"count":16,"href":"http:\/\/www.rhizom.de\/wandern\/wp-json\/wp\/v2\/pages\/16946\/revisions"}],"predecessor-version":[{"id":17050,"href":"http:\/\/www.rhizom.de\/wandern\/wp-json\/wp\/v2\/pages\/16946\/revisions\/17050"}],"wp:attachment":[{"href":"http:\/\/www.rhizom.de\/wandern\/wp-json\/wp\/v2\/media?parent=16946"}],"wp:term":[{"taxonomy":"post_tag","embeddable":true,"href":"http:\/\/www.rhizom.de\/wandern\/wp-json\/wp\/v2\/tags?post=16946"}],"curies":[{"name":"wp","href":"https:\/\/api.w.org\/{rel}","templated":true}]}}

<p>Verbreitetes Text-Plakat. Im Endeffekt: stirb anders. Zeitpunkt sowieso immer unpassend.<br />
Corona-Pandemie, Ausgangsbeschränkungen.</p>
<p><strong>Aus dem Wochenkalender 6.-13. April<br />
Alles vom Menüpunkt &#8220;Aktuell&#8221;. Wahlweise unter Kategorie &#8220;Locus terribilis&#8221; oder &#8220;Einiges Rüstzeug&#8221; abzuspeichern. Ich entscheide für Seitenanhang &#8220;Corona&#8221; ohne Ende.</strong></p>
<h2>6. April</h2>
<p>• Gute Kinderliteratur neu: Erich Kästner, Pünktchen und Anton. Jetzt auch für jüngste Leser verständlich. Ohne Kommentierung! Einfach variieren: &#8220;Kauft Masken, liebe Leute kauft Masken&#8221;.</p>
<p><img loading="lazy" class="aligncenter size-full wp-image-16799" src="http://www.rhizom.de/wandern/wp-content/uploads/2017/08/20200407-icke-2.jpg" alt="Corona-Maske" width="768" height="444" srcset="http://www.rhizom.de/wandern/wp-content/uploads/2017/08/20200407-icke-2.jpg 768w, http://www.rhizom.de/wandern/wp-content/uploads/2017/08/20200407-icke-2-300x173.jpg 300w" sizes="(max-width: 768px) 100vw, 768px" /></p>
<p>• NY, Zoo: Tiger (Katze) mit Corona infiziert! Arbeitsbeschaffungsmaßnahme &#8220;Masken nähen&#8221; sofort ausweiten. Schnelle Reaktion verspricht NOCH Alleinstellungsmerkmal.</p>
<p>• Ostern, eventuell Überfüllung der Grünanlagen. Empfehlung der Berliner Polizei: &#8220;Bitte für Spaziergänge eher die Innenstadt nutzen.&#8221; Oh. Ich BIN geografischer Mittelpunkt der Stadt. WOHIN jetzt???</p>
<p>• 11h. Regierung diskutiert bereits wieder Maskenpflicht. Inzwischen nähen Kurzarbeitende, alleinerziehende Mütter, Flüchtlingsheime. Deutschland näht. Zum Glück: Autobahnen nutzten dem Krieg. Wird schwierig mit Baumwolltuch.</p>
<p><img loading="lazy" class="aligncenter size-full wp-image-16800" src="http://www.rhizom.de/wandern/wp-content/uploads/2017/08/20200407-icke-3a.jpg" alt="Corona-Maske" width="768" height="444" srcset="http://www.rhizom.de/wandern/wp-content/uploads/2017/08/20200407-icke-3a.jpg 768w, http://www.rhizom.de/wandern/wp-content/uploads/2017/08/20200407-icke-3a-300x173.jpg 300w" sizes="(max-width: 768px) 100vw, 768px" /></p>
<p>• Ach so &#8211; Autobahnen = Infrastruktur: Straßen- und Bahnbrücken brechen zusammen. Verkehrsdichte + Gewichte. Verkehrsdichte bleibt hoffentlich weiter ausgebremst. Und Fahrzeuggewichte, da bin ich mal zuversichtlich. Im Sommer kehrt Defender 2020 zurück. Falls etwas zusammenbricht, muss die NATO zahlen &#8211; soweit ich weiß. Gute Umverteilung des wachsenden Militärhaushaltes. Wer weiß, ob da nicht echt geplant wurde, schließlich gehören Max und Moritz zur deutschen Leitkultur.</p>
<p style="text-align: right;">&#8220;&#8230;eure alte Mutter, die gar nicht verstehen kann, was da vorgeht&#8221;<br />
(tröstlicher Radio-O-Ton)</p>
<h2>7. April. Der Ball rollt wieder</h2>
<p>• Deutschland ein Pandemie-Märchen. Mama divers systemrelevant und Papa be-geistert.</p>
<p><img loading="lazy" class="aligncenter size-full wp-image-16798" src="http://www.rhizom.de/wandern/wp-content/uploads/2017/08/20200407-icke-1.jpg" alt="Corona-Maske" width="768" height="444" srcset="http://www.rhizom.de/wandern/wp-content/uploads/2017/08/20200407-icke-1.jpg 768w, http://www.rhizom.de/wandern/wp-content/uploads/2017/08/20200407-icke-1-300x173.jpg 300w" sizes="(max-width: 768px) 100vw, 768px" /></p>
<p>• Medien. Ungarn und NY. Wie De, aber ganz, ganz böse. Gestern BILD, Pressekonferenz. Erkennt mein Browser nicht, dafür im langsam geschalteten Chat dem Volk aufs Maul geschaut. &#8220;Geht das wieder weg oder bleibt das für immer&#8221;. Dumme Frage. Bleibt endlich gemundtucht.</p>
<p>• Seltenes Himmelsspektakel heute schon gesehen, auch am 8.4.: Super-Vollmond. Sehr nah, besonders groß, gelborange superhell. Mein menschliches Auge sah keine KCorona, sondern scharf!</p>
<p><img loading="lazy" class="aligncenter size-full wp-image-16809" src="http://www.rhizom.de/wandern/wp-content/uploads/2017/08/20200408-6Uhr-BerlinMitte.jpg" alt="8.April 2020, 6 Uhr, Berlin, geografischer Mittelpunkt" width="768" height="444" srcset="http://www.rhizom.de/wandern/wp-content/uploads/2017/08/20200408-6Uhr-BerlinMitte.jpg 768w, http://www.rhizom.de/wandern/wp-content/uploads/2017/08/20200408-6Uhr-BerlinMitte-300x173.jpg 300w" sizes="(max-width: 768px) 100vw, 768px" /></p>
<p>&nbsp;</p>
<h2>8. April. Fazit schon heute</h2>
<p>Glückliche Stressminimierung für geschätzte 70% Malochende (allgemeine Zustimmung) und Schüler (jenseits der Schul-Abschließenden). Boah&#8230; Einmalzahlungen für systemrelevante Berufe im Niedriglohnsektor. Oder 3x: Hah. Die Alten (nicht mehr der political-correctness-Singsang &#8220;Senior*innen&#8221;) gehen zugrunde. An was, das sagt dann die Statistik. Für andere Risikogruppen würden vielleicht die Beatmungsgeräte reichen? Und wenn nicht &#8211; politisch Verantwortliche, weiter so.</p>
<p style="text-align: right;">&#8230;eure alte Mutter, die gar nicht verstehen kann, was da vorgeht<br />
8.4.2020</p>
<p><strong>Heut is schon wieder (nich) geloofen. Nichtmal 1 Stunde Luft schaff ich bei diesem Corona-Influencer-Marketing. Balkontür zu: frische Hundekacke duftet. Kurzer Gang mit dem </strong><strong> Tage lang, artig gebunkerten Müll: prompt kullert „der Regierende Bürgermeister an SÄMTLICHE Berliner Haushalte“ aus dem Kasten. 3,769 Millionen Einwohner: „gemeinsam kämpfen“. Letztes Aufgebot.<br />
</strong></p>
<p style="text-align: right;">&#8230;eure alte Mutter, die jetzt den Stecker zieht und den Schlüsselbund verliert<br />
15:30 h, immer noch 8.4.2020</p>
<figure id="attachment_16991" aria-describedby="caption-attachment-16991" style="width: 758px" class="wp-caption aligncenter"><img loading="lazy" class="size-full wp-image-16991" src="http://www.rhizom.de/wandern/wp-content/uploads/2017/08/icke-20200420.jpg" alt="Outdoor-Mode 2020 für Bus, Bahn und Supermarkt" width="768" height="444" srcset="http://www.rhizom.de/wandern/wp-content/uploads/2017/08/icke-20200420.jpg 768w, http://www.rhizom.de/wandern/wp-content/uploads/2017/08/icke-20200420-300x173.jpg 300w" sizes="(max-width: 768px) 100vw, 768px" /><figcaption id="caption-attachment-16991" class="wp-caption-text">Outdoor-Mode 2020 für Bus, Bahn, Supermarkt und Extremwetter. <strong>Achtung!</strong> Für Demos gilt Verhüllungsverbot!!!</figcaption></figure>
<p style="text-align: right;"><strong><em><br />
Endlosschleife Pan-demie in Berlin, bitte wieder s.o.</em> ↑</strong><br />
oder → <a href="http://www.rhizom.de/wandern/2020/01/04/januar-februar-2020/">zum tabellarischen Inhalt 1. Quartal 2020</a><br />
→ <a href="http://www.rhizom.de/wandern/2020/04/03/april-mai-juni-2020/">zum tabellarischen Inhalt 2. Quartal 2020</a></p>

<p>Verbreitetes Text-Plakat. Im Endeffekt: stirb anders. Zeitpunkt sowieso immer unpassend. Corona-Pandemie, Ausgangsbeschränkungen. Aus dem Wochenkalender 6.-13. April Alles vom Menüpunkt &#8220;Aktuell&#8221;. Wahlweise unter Kategorie &#8220;Locus terribilis&#8221; oder &#8220;Einiges Rüstzeug&#8221; abzuspeichern. Ich entscheide für Seitenanhang &#8220;Corona&#8221; ohne Ende. 6. April • Gute Kinderliteratur neu: Erich Kästner, Pünktchen und Anton. Jetzt auch für jüngste Leser verständlich. Ohne &#8230; <a title="Bring Corona nicht zur Oma" class="read-more" href="http://www.rhizom.de/wandern/bring-corona-nicht-zur-oma/">Read more</a></p>
